 base 13.
63
Convert -126 (base 13) to base 3.
-21110
Convert 111 (base 4) to base 13.
18
4 (base 14) to base 6
4
Convert -1 (base 7) to base 3.
-1
-a (base 14) to base 12
-a
What is -22 (base 12) in base 5?
-101
Convert 49 (base 16) to base 15.
4d
What is 2 (base 15) in base 13?
2
-3 (base 16) to base 6
-3
1003 (base 4) to base 15
47
Convert 1 (base 15) to base 10.
1
Convert 205 (base 7) to base 14.
75
Convert -67 (base 15) to base 9.
-117
Convert 2b (base 14) to base 12.
33
Convert 1 (base 11) to base 8.
1
-6 (base 11) to base 16
-6
-12 (base 15) to base 16
-11
Convert -1122 (base 3) to base 8.
-54
Convert 1 (base 12) to base 13.
1
11 (base 2) to base 12
3
Convert -7 (base 9) to base 5.
-12
What is 34 (base 11) in base 3?
1101
Convert -550 (base 6) to base 16.
-d2
What is 20 (base 3) in base 2?
110
Convert 22 (base 7) to base 5.
31
3 (base 10) to base 16
3
-20 (base 13) to base 3
-222
What is 132 (base 11) in base 12?
110
Convert 10010 (base 2) to base 14.
14
What is -6 (base 10) in base 9?
-6
What is -57 (base 10) in base 15?
-3c
12 (base 4) to base 8
6
Convert 2 (base 8) to base 5.
2
65 (base 7) to base 3
1202
Convert -1 (base 7) to base 3.
-1
What is 55 (base 16) in base 13?
67
Convert -1 (base 9) to base 12.
-1
7 (base 8) to base 13
7
Convert -33 (base 7) to base 10.
-24
What is 3 (base 7) in base 2?
11
-14 (base 5) to base 9
-10
21 (base 10) to base 9
23
101022 (base 3) to base 12
1b2
Convert 220 (base 5) to base 12.
50
-22 (base 7) to base 10
-16
3 (base 11) to base 10
3
Convert 95 (base 16) to base 7.
302
-45 (base 8) to base 3
-1101
What is 3212 (base 4) in base 5?
1410
Convert 1 (base 9) to base 8.
1
Convert -91 (base 15) to base 14.
-9a
What is 5 (base 8) in base 9?
5
1121 (base 4) to base 12
75
2 (base 11) to base 7
2
45 (base 9) to base 7
56
What is 505 (base 7) in base 16?
fa
10010 (base 3) to base 7
150
Convert 195 (base 15) to base 5.
2430
Convert -11 (base 3) to base 16.
-4
-34 (base 6) to base 9
-24
What is 1221 (base 3) in base 9?
57
What is -212 (base 3) in base 9?
-25
What is -24 (base 8) in base 11?
-19
Convert 77 (base 12) to base 7.
160
Convert -64 (base 9) to base 2.
-111010
Convert -10021 (base 4) to base 13.
-175
What is 5 (base 13) in base 8?
5
Convert -2 (base 11) to base 5.
-2
Convert 4 (base 13) to base 11.
4
11001 (base 2) to base 14
1b
78 (base 9) to base 15
4b
What is -1100 (base 2) in base 9?
-13
What is -21 (base 15) in base 16?
-1f
What is 128 (base 16) in base 13?
19a
Convert 6 (base 11) to base 8.
6
Convert -343 (base 6) to base 7.
-252
Convert -2 (base 11) to base 15.
-2
What is 0 (base 11) in base 15?
0
Convert 10 (base 14) to base 7.
20
-c (base 13) to base 8
-14
Convert 20 (base 4) to base 3.
22
Convert 20 (base 3) to base 7.
6
What is 22 (base 10) in base 7?
31
Convert -350 (base 8) to base 12.
-174
Convert 39 (base 13) to base 15.
33
-10011 (base 3) to base 6
-221
Convert -11 (base 7) to base 15.
-8
What is 22 (base 14) in base 2?
11110
2 (base 5) to base 16
2
What is 87 (base 11) in base 5?
340
What is -36 (base 14) in base 7?
-66
14 (base 9) to base 8
15
What is 13 (base 10) in base 2?
1101
What is -6 (base 13) in base 4?
-12
What is 12 (base 3) in base 14?
5
-2a (base 12) to base 4
-202
30 (base 6) to base 2
10010
Convert 126 (base 9) to base 13.
81
What is -6 (base 9) in base 15?
-6
-64 (base 10) to base 8
-100
Convert -4 (base 6) to base 12.
-4
What is -1200 (base 6) in base 15?
-143
What is 3303 (base 4) in base 3?
100000
-22 (base 4) to base 5
-20
Convert 27 (base 15) to base 8.
45
What is 10 (base 5) in base 13?
5
0 (base 12) to base 10
0
Convert 314 (base 5) to base 16.
54
What is 1202 (base 3) in base 4?
233
201 (base 3) to base 15
14
Convert 12 (base 6) to base 16.
8
What is 102 (base 7) in base 14?
39
What is -10 (base 5) in base 12?
-5
What is 1100 (base 2) in base 3?
110
-29 (base 16) to base 10
-41
Convert -1 (base 15) to base 3.
-1
What is -225 (base 6) in base 5?
-324
-5 (base 10) to base 15
-5
Convert -220 (base 9) to base 14.
-cc
Convert 1 (base 16) to base 15.
1
1 (base 13) to base 5
1
Convert 2100 (base 3) to base 5.
223
Convert 111 (base 5) to base 4.
133
What is 3 (base 5) in base 2?
11
Convert 3 (base 15) to base 9.
3
3a (base 13) to base 10
49
Convert 31 (base 5) to base 14.
12
What is -15 (base 9) in base 2?
-1110
What is 10 (base 3) in base 16?
3
Convert 332 (base 7) to base 4.
2222
What is -10201 (base 3) in base 15?
-6a
a (base 11) to base 2
1010
Convert 8 (base 16) to base 9.
8
What is 13 (base 11) in base 4?
32
What is -112 (base 7) in base 3?
-2011
Convert -47 (base 10) to base 14.
-35
What is 0 (base 10) in base 6?
0
100100 (base 2) to base 11
33
What is 3 (base 10) in base 15?
3
What is 77 (base 10) in base 5?
302
-2 (base 10) to base 16
-2
-1 (base 11) to base 13
-1
Convert 44 (base 9) to base 5.
130
What is 217 (base 10) in base 5?
1332
What is 10001010 (base 2) in base 7?
255
What is 3 (base 7) in base 8?
3
b3 (base 15) to base 11
143
Convert -101101 (base 2) to base 13.
-36
1 (base 6) to base 12
1
Convert -10 (base 15) to base 7.
-21
Convert 25 (base 10) to base 13.
1c
Convert 107 (base 9) to base 12.
74
Convert -1001111 (base 2) to base 13.
-61
Convert -1220 (base 3) to base 6.
-123
16 (base 9) to base 8
17
What is 1244 (base 5) in base 3?
21101
Convert -304 (base 6) to base 3.
-11011
What is -3b (base 16) in base 4?
-323
What is 33 (base 12) in base 5?
124
What is 4 (base 6) in base 8?
4
11 (base 3) to base 12
4
Convert 20201 (base 3) to base 9.
221
Convert -112 (base 3) to base 16.
-e
What is -17 (base 10) in base 13?
-14
0 (base 6) to base 5
0
-100 (base 10) to base 7
-202
-25 (base 7) to base 9
-21
What is 127 (base 9) in base 11?
97
What is -2 (base 3) in base 4?
-2
-104 (base 5) to base 9
-32
14 (base 5) to base 3
100
Convert -29 (base 11) to base 4.
-133
-1000 (base 2) to base 10
-8
What is -42 (base 11) in base 14?
-34
Convert -20 (base 12) to base 11.
-22
-26 (base 8) to base 15
-17
What is 1441 (base 6) in base 7?
1060
10 (base 7) to base 6
11
What is 0 (base 9) in base 10?
0
Convert -1212 (base 3) to base 7.
-101
Convert 1b (base 13) to base 10.
24
3 (base 8) to base 10
3
What is -12 (base 13) in base 7?
-21
Convert -3 (base 10) to base 11.
-3
4 (base 14) to base 13
4
What is 3 (base 7) in base 5?
3
Convert -12 (base 4) to base 15.
-6
c7 (base 16) to base 2
11000111
Convert 142 (base 9) to base 14.
87
What is -2 (base 12) in base 7?
-2
What is -1 (base 10) in base 12?
-1
Convert 311 (base 7) to base 16.
9b
-22 (base 3) to base 16
-8
-2021 (base 4) to base 2
-10001001
-1100110 (base 2) to base 3
-10210
What is 21 (base 6) in base 16?
d
233 (base 6) to base 9
113
Convert 12 (base 4) to base 12.
6
74 (base 9) to base 15
47
-18 (base 9) to base 5
-32
Convert a (base 11) to base 14.
a
-213 (base 4) to base 12
-33
Convert 21 (base 4) to base 8.
11
What is -173 (base 15) in base 8?
-515
What is 1 (base 14) in base 10?
1
7 (base 13) to base 11
7
What is -3 (base 13) in base 9?
-3
Convert 2 (base 8) to base 3.
2
-23 (base 8) to base 9
-21
What is 12 (base 14) in base 10?
16
Convert 203 (base 11) to base 7.
500
Convert -6 (base 16) to base 4.
-12
-4 (base 8) to base 13
-4
36 (base 13) to base 2
101101
Convert 1011 (base 2) to base 3.
102
What is -204 (base 5) in base 4?
-312
Convert a (base 12) to base 10.
10
20 (base 15) to base 2
11110
What is -10 (base 4) in base 6?
-4
Convert 11 (base 2) to base 7.
3
Convert -a (base 11) to base 3.
-101
Convert 3 (base 9) to base 3.
10
What is 10100 (base 2) in base 3?
202
Convert -a (base 15) to base 9.
-11
-12 (base 6) to base 2
-1000
Convert 0 (base 8) to base 15.
0
Convert 6 (base 8) to base 3.
20
What is 13 (base 6) in base 4?
21
Convert 2 (base 12) to base 8.
2
Convert 1 (base 5) to base 2.
1
-1143 (base 6) to base 4
-10113
2 (base 13) to base 8
2
-41 (base 7) to base 13
-23
Convert 21 (base 4) to base 6.
13
1011 (base 2) to base 5
21
-246 (base 11) to base 14
-16c
What is -53 (base 11) in base 9?
-64
Convert 9 (base 16) to base 11.
9
-13 (base 11) to base 14
-10
Convert a (base 15) to base 11.
a
22120 (base 3) to base 5
1411
Convert 313 (base 4) to base 15.
3a
Convert -3a (base 11) to base 9.
-47
Convert 12 (base 8) to base 4.
22
-1 (base 12) to base 7
-1
What is -30 (base 12) in base 13?
-2a
What is 3 (base 1